{"id":723,"date":"2022-04-14T12:30:34","date_gmt":"2022-04-14T12:30:34","guid":{"rendered":"https:\/\/www.callpro.cz\/?page_id=723"},"modified":"2022-04-14T15:08:57","modified_gmt":"2022-04-14T15:08:57","slug":"archiv-tarifu-platnych-do-30-04-2022","status":"publish","type":"page","link":"https:\/\/www.callpro.cz\/?page_id=723","title":{"rendered":"Archiv tarif\u016f platn\u00fdch do 30.04.2022"},"content":{"rendered":"\n<p><\/p>\n\n\n\n<div class=\"wp-block-columns is-layout-flex wp-container-core-columns-is-layout-1 wp-block-columns-is-layout-flex\">\n<div class=\"wp-block-column is-layout-flow wp-block-column-is-layout-flow\">\n<h3 class=\"wp-block-heading\" id=\"block-c3d77647-28b1-4226-a621-abc9f1f427df\"><strong>CallPro ;- )<\/strong><\/h3>\n\n\n\n<p id=\"block-63a86558-48e5-4003-8d4c-a9156cde98f9\">M\u011bs\u00ed\u010dn\u00ed pau\u0161\u00e1l&nbsp;&nbsp;&nbsp;29 K\u010d<br>Voln\u00e9 minuty&nbsp;&nbsp;&nbsp;<strong>0<br><\/strong>Vol\u00e1n\u00ed v s\u00edti CallPro&nbsp;&nbsp;&nbsp;0,015 K\u010d\/s<br>(0,90 K\u010d\/min)<br>Ostatn\u00ed s\u00edt\u011b v \u010cR&nbsp;&nbsp;&nbsp;0,030 K\u010d\/s<br>(1,80 K\u010d\/min)<br>SMS&nbsp;&nbsp;&nbsp;1,25K\u010d<br>SMS v s\u00edti CallPro&nbsp;&nbsp;&nbsp;1 K\u010d<br>MMS&nbsp;&nbsp;&nbsp;5 K\u010d<br><br><strong>Internet<\/strong> (voliteln\u011b)<br>150MB&nbsp;&nbsp;&nbsp;60,- K\u010d\/m\u011bs\u00edc<br>300MB&nbsp;&nbsp;&nbsp;90,- K\u010d\/m\u011bs\u00edc<br>600MB&nbsp;&nbsp;&nbsp;170,- K\u010d\/m\u011bs\u00edc<br>1 GB&nbsp;&nbsp;&nbsp;210,- K\u010d\/m\u011bs\u00edc<br>2 GB&nbsp;&nbsp;&nbsp;340,- K\u010d\/m\u011bs\u00edc<br><br><strong>Bal\u00ed\u010dky<\/strong>(voliteln\u011b)<br>Vol\u00e1n\u00ed v s\u00edti zdarma&nbsp;&nbsp;&nbsp;129,- K\u010d\/m\u011bs\u00edc<br>100 voln\u00fdch SMS&nbsp;&nbsp;&nbsp;99,- K\u010d\/m\u011bs\u00edc<br><br><strong>tarifikace 1+1<\/strong><\/p>\n<\/div>\n\n\n\n<div class=\"wp-block-column is-layout-flow wp-block-column-is-layout-flow\">\n<h3 class=\"wp-block-heading\" id=\"block-0716bbbb-3667-492f-9ca2-500eace9c3b3\"><strong>CallPro 100<\/strong><\/h3>\n\n\n\n<p id=\"block-3817dde9-ef88-4c29-85fc-8e8f07298def\">M\u011bs\u00ed\u010dn\u00ed pau\u0161\u00e1l&nbsp;&nbsp;&nbsp;99,-K\u010d<br>Voln\u00e9 minuty&nbsp;&nbsp;&nbsp;<strong>100<br><\/strong>Voln\u00e9 SMS&nbsp;&nbsp;&nbsp;<strong>0<br><\/strong>Vol\u00e1n\u00ed v s\u00edti CallPro&nbsp;&nbsp;&nbsp;1,-&nbsp;K\u010d<br>Ostatn\u00ed s\u00edt\u011b v \u010cR&nbsp;&nbsp;&nbsp;1,80&nbsp;K\u010d<br>SMS&nbsp;&nbsp;&nbsp;1,40&nbsp;K\u010d<br>SMS v s\u00edti CallPro&nbsp;&nbsp;&nbsp;1,-&nbsp;K\u010d<br>MMS&nbsp;&nbsp;&nbsp;5,-&nbsp;K\u010d<br><br><br><strong>Internet&nbsp;<\/strong>(voliteln\u011b)<br>150MB&nbsp;&nbsp;&nbsp;60,- K\u010d\/m\u011bs\u00edc<br>300MB&nbsp;&nbsp;&nbsp;90,- K\u010d\/m\u011bs\u00edc<br>600MB&nbsp;&nbsp;&nbsp;170,- K\u010d\/m\u011bs\u00edc<br>1 GB&nbsp;&nbsp;&nbsp;210,- K\u010d\/m\u011bs\u00edc<br>2 GB&nbsp;&nbsp;&nbsp;340,- K\u010d\/m\u011bs\u00edc<br><br><strong>Bal\u00ed\u010dky&nbsp;<\/strong>(voliteln\u011b)&nbsp;<br>Vol\u00e1n\u00ed v s\u00edti zdarma&nbsp;&nbsp;&nbsp;129,- K\u010d\/m\u011bs\u00edc<br>100 voln\u00fdch SMS&nbsp;&nbsp;&nbsp;99,- K\u010d\/m\u011bs\u00edc<br><br><strong>tarifikace 60+1<\/strong><\/p>\n<\/div>\n\n\n\n<div class=\"wp-block-column is-layout-flow wp-block-column-is-layout-flow\">\n<h3 class=\"wp-block-heading\" id=\"block-d008376d-294d-498a-9690-2259906ce1a1\"><strong>CallPro 200<\/strong><\/h3>\n\n\n\n<p id=\"block-fca014dc-7db3-4ed3-a9c5-08bf9e940dcb\">M\u011bs\u00ed\u010dn\u00ed pau\u0161\u00e1l&nbsp;&nbsp;&nbsp;199,-K\u010d<br>Voln\u00e9 minuty&nbsp;&nbsp;&nbsp;<strong>200<br><\/strong>Voln\u00e9 SMS&nbsp;&nbsp;&nbsp;<strong>20<br><\/strong>Vol\u00e1n\u00ed v s\u00edti CallPro&nbsp;&nbsp;&nbsp;1,-&nbsp;K\u010d<br>Ostatn\u00ed s\u00edt\u011b v \u010cR&nbsp;&nbsp;&nbsp;1,80&nbsp;K\u010d<br>SMS&nbsp;&nbsp;&nbsp;1,40&nbsp;K\u010d<br>SMS v s\u00edti CallPro&nbsp;&nbsp;&nbsp;1,-&nbsp;K\u010d<br>MMS&nbsp;&nbsp;&nbsp;5,-&nbsp;K\u010d<br><br><br><strong>Internet&nbsp;<\/strong>(voliteln\u011b)<br>150MB&nbsp;&nbsp;&nbsp;60,- K\u010d\/m\u011bs\u00edc<br>300MB&nbsp;&nbsp;&nbsp;90,- K\u010d\/m\u011bs\u00edc<br>600MB&nbsp;&nbsp;&nbsp;170,- K\u010d\/m\u011bs\u00edc<br>1 GB&nbsp;&nbsp;&nbsp;210,- K\u010d\/m\u011bs\u00edc<br>2 GB&nbsp;&nbsp;&nbsp;340,- K\u010d\/m\u011bs\u00edc<br><br><strong>Bal\u00ed\u010dky&nbsp;<\/strong>(voliteln\u011b)&nbsp;<br>Vol\u00e1n\u00ed v s\u00edti zdarma&nbsp;&nbsp;&nbsp;129,- K\u010d\/m\u011bs\u00edc<br>100 voln\u00fdch SMS&nbsp;&nbsp;&nbsp;99,- K\u010d\/m\u011bs\u00edc<br><br><strong>tarifikace 60+1<\/strong>OBJEDNAT SIM<\/p>\n<\/div>\n<\/div>\n\n\n\n<p id=\"block-123a7e6f-2874-4898-b205-40470445a767\"><strong>V\u0161echny ceny&nbsp; jsou uvedeny s DPH<\/strong>.<\/p>\n\n\n\n<h2 class=\"wp-block-heading\"><\/h2>\n","protected":false},"excerpt":{"rendered":"<p>CallPro ;- ) M\u011bs\u00ed\u010dn\u00ed pau\u0161\u00e1l&nbsp;&nbsp;&nbsp;29 K\u010dVoln\u00e9 minuty&nbsp;&nbsp;&nbsp;0Vol\u00e1n\u00ed v s\u00edti CallPro&nbsp;&nbsp;&nbsp;0,015 K\u010d\/s(0,90 K\u010d\/min)Ostatn\u00ed s\u00edt\u011b v \u010cR&nbsp;&nbsp;&nbsp;0,030 K\u010d\/s(1,80 K\u010d\/min)SMS&nbsp;&nbsp;&nbsp;1,25K\u010dSMS v s\u00edti CallPro&nbsp;&nbsp;&nbsp;1 K\u010dMMS&nbsp;&nbsp;&nbsp;5 K\u010d Internet (voliteln\u011b)150MB&nbsp;&nbsp;&nbsp;60,- K\u010d\/m\u011bs\u00edc300MB&nbsp;&nbsp;&nbsp;90,- K\u010d\/m\u011bs\u00edc600MB&nbsp;&nbsp;&nbsp;170,- K\u010d\/m\u011bs\u00edc1 GB&nbsp;&nbsp;&nbsp;210,- K\u010d\/m\u011bs\u00edc2 GB&nbsp;&nbsp;&nbsp;340,- K\u010d\/m\u011bs\u00edc Bal\u00ed\u010dky(voliteln\u011b)Vol\u00e1n\u00ed v s\u00edti zdarma&nbsp;&nbsp;&nbsp;129,- K\u010d\/m\u011bs\u00edc100 voln\u00fdch SMS&nbsp;&nbsp;&nbsp;99,- K\u010d\/m\u011bs\u00edc tarifikace 1+1 CallPro 100 M\u011bs\u00ed\u010dn\u00ed pau\u0161\u00e1l&nbsp;&nbsp;&nbsp;99,-K\u010dVoln\u00e9 minuty&nbsp;&nbsp;&nbsp;100Voln\u00e9 SMS&nbsp;&nbsp;&nbsp;0Vol\u00e1n\u00ed v s\u00edti CallPro&nbsp;&nbsp;&nbsp;1,-&nbsp;K\u010dOstatn\u00ed s\u00edt\u011b v \u010cR&nbsp;&nbsp;&nbsp;1,80&nbsp;K\u010dSMS&nbsp;&nbsp;&nbsp;1,40&nbsp;K\u010dSMS v s\u00edti &#8230; <a title=\"Archiv tarif\u016f platn\u00fdch do 30.04.2022\" class=\"read-more\" href=\"https:\/\/www.callpro.cz\/?page_id=723\" aria-label=\"More on Archiv tarif\u016f platn\u00fdch do 30.04.2022\">Read more<\/a><\/p>\n","protected":false},"author":1,"featured_media":0,"parent":0,"menu_order":0,"comment_status":"closed","ping_status":"closed","template":"","meta":{"footnotes":""},"class_list":["post-723","page","type-page","status-publish","hentry"],"yoast_head":"<!-- This site is optimized with the Yoast SEO plugin v16.2 - https:\/\/yoast.com\/wordpress\/plugins\/seo\/ -->\n<title>Archiv tarif\u016f platn\u00fdch do 30.04.2022 - CallPro<\/title>\n<meta name=\"robots\" content=\"index, follow, max-snippet:-1, max-image-preview:large, max-video-preview:-1\" \/>\n<link rel=\"canonical\" href=\"https:\/\/www.callpro.cz\/?page_id=723\" \/>\n<meta property=\"og:locale\" content=\"cs_CZ\" \/>\n<meta property=\"og:type\" content=\"article\" \/>\n<meta property=\"og:title\" content=\"Archiv tarif\u016f platn\u00fdch do 30.04.2022 - CallPro\" \/>\n<meta property=\"og:description\" content=\"CallPro ;- ) M\u011bs\u00ed\u010dn\u00ed pau\u0161\u00e1l&nbsp;&nbsp;&nbsp;29 K\u010dVoln\u00e9 minuty&nbsp;&nbsp;&nbsp;0Vol\u00e1n\u00ed v s\u00edti CallPro&nbsp;&nbsp;&nbsp;0,015 K\u010d\/s(0,90 K\u010d\/min)Ostatn\u00ed s\u00edt\u011b v \u010cR&nbsp;&nbsp;&nbsp;0,030 K\u010d\/s(1,80 K\u010d\/min)SMS&nbsp;&nbsp;&nbsp;1,25K\u010dSMS v s\u00edti CallPro&nbsp;&nbsp;&nbsp;1 K\u010dMMS&nbsp;&nbsp;&nbsp;5 K\u010d Internet (voliteln\u011b)150MB&nbsp;&nbsp;&nbsp;60,- K\u010d\/m\u011bs\u00edc300MB&nbsp;&nbsp;&nbsp;90,- K\u010d\/m\u011bs\u00edc600MB&nbsp;&nbsp;&nbsp;170,- K\u010d\/m\u011bs\u00edc1 GB&nbsp;&nbsp;&nbsp;210,- K\u010d\/m\u011bs\u00edc2 GB&nbsp;&nbsp;&nbsp;340,- K\u010d\/m\u011bs\u00edc Bal\u00ed\u010dky(voliteln\u011b)Vol\u00e1n\u00ed v s\u00edti zdarma&nbsp;&nbsp;&nbsp;129,- K\u010d\/m\u011bs\u00edc100 voln\u00fdch SMS&nbsp;&nbsp;&nbsp;99,- K\u010d\/m\u011bs\u00edc tarifikace 1+1 CallPro 100 M\u011bs\u00ed\u010dn\u00ed pau\u0161\u00e1l&nbsp;&nbsp;&nbsp;99,-K\u010dVoln\u00e9 minuty&nbsp;&nbsp;&nbsp;100Voln\u00e9 SMS&nbsp;&nbsp;&nbsp;0Vol\u00e1n\u00ed v s\u00edti CallPro&nbsp;&nbsp;&nbsp;1,-&nbsp;K\u010dOstatn\u00ed s\u00edt\u011b v \u010cR&nbsp;&nbsp;&nbsp;1,80&nbsp;K\u010dSMS&nbsp;&nbsp;&nbsp;1,40&nbsp;K\u010dSMS v s\u00edti ... Read more\" \/>\n<meta property=\"og:url\" content=\"https:\/\/www.callpro.cz\/?page_id=723\" \/>\n<meta property=\"og:site_name\" content=\"CallPro\" \/>\n<meta property=\"article:modified_time\" content=\"2022-04-14T15:08:57+00:00\" \/>\n<meta name=\"twitter:card\" content=\"summary_large_image\" \/>\n<meta name=\"twitter:label1\" content=\"Odhadovan\u00e1 doba \u010dten\u00ed\">\n\t<meta name=\"twitter:data1\" content=\"1 minuta\">\n<script type=\"application\/ld+json\" class=\"yoast-schema-graph\">{\"@context\":\"https:\/\/schema.org\",\"@graph\":[{\"@type\":\"WebSite\",\"@id\":\"https:\/\/www.callpro.cz\/#website\",\"url\":\"https:\/\/www.callpro.cz\/\",\"name\":\"CallPro\",\"description\":\"CallPro virtu\\u00e1ln\\u00ed mobiln\\u00ed oper\\u00e1tor\",\"potentialAction\":[{\"@type\":\"SearchAction\",\"target\":\"https:\/\/www.callpro.cz\/?s={search_term_string}\",\"query-input\":\"required name=search_term_string\"}],\"inLanguage\":\"cs\"},{\"@type\":\"WebPage\",\"@id\":\"https:\/\/www.callpro.cz\/?page_id=723#webpage\",\"url\":\"https:\/\/www.callpro.cz\/?page_id=723\",\"name\":\"Archiv tarif\\u016f platn\\u00fdch do 30.04.2022 - CallPro\",\"isPartOf\":{\"@id\":\"https:\/\/www.callpro.cz\/#website\"},\"datePublished\":\"2022-04-14T12:30:34+00:00\",\"dateModified\":\"2022-04-14T15:08:57+00:00\",\"breadcrumb\":{\"@id\":\"https:\/\/www.callpro.cz\/?page_id=723#breadcrumb\"},\"inLanguage\":\"cs\",\"potentialAction\":[{\"@type\":\"ReadAction\",\"target\":[\"https:\/\/www.callpro.cz\/?page_id=723\"]}]},{\"@type\":\"BreadcrumbList\",\"@id\":\"https:\/\/www.callpro.cz\/?page_id=723#breadcrumb\",\"itemListElement\":[{\"@type\":\"ListItem\",\"position\":1,\"item\":{\"@type\":\"WebPage\",\"@id\":\"https:\/\/www.callpro.cz\/\",\"url\":\"https:\/\/www.callpro.cz\/\",\"name\":\"Dom\\u016f\"}},{\"@type\":\"ListItem\",\"position\":2,\"item\":{\"@id\":\"https:\/\/www.callpro.cz\/?page_id=723#webpage\"}}]}]}<\/script>\n<!-- \/ Yoast SEO plugin. -->","_links":{"self":[{"href":"https:\/\/www.callpro.cz\/index.php?rest_route=\/wp\/v2\/pages\/723","targetHints":{"allow":["GET"]}}],"collection":[{"href":"https:\/\/www.callpro.cz\/index.php?rest_route=\/wp\/v2\/pages"}],"about":[{"href":"https:\/\/www.callpro.cz\/index.php?rest_route=\/wp\/v2\/types\/page"}],"author":[{"embeddable":true,"href":"https:\/\/www.callpro.cz\/index.php?rest_route=\/wp\/v2\/users\/1"}],"replies":[{"embeddable":true,"href":"https:\/\/www.callpro.cz\/index.php?rest_route=%2Fwp%2Fv2%2Fcomments&post=723"}],"version-history":[{"count":2,"href":"https:\/\/www.callpro.cz\/index.php?rest_route=\/wp\/v2\/pages\/723\/revisions"}],"predecessor-version":[{"id":739,"href":"https:\/\/www.callpro.cz\/index.php?rest_route=\/wp\/v2\/pages\/723\/revisions\/739"}],"wp:attachment":[{"href":"https:\/\/www.callpro.cz\/index.php?rest_route=%2Fwp%2Fv2%2Fmedia&parent=723"}],"curies":[{"name":"wp","href":"https:\/\/api.w.org\/{rel}","templated":true}]}}