{"id":486,"date":"2020-11-11T18:00:43","date_gmt":"2020-11-11T18:00:43","guid":{"rendered":"http:\/\/hulwat.ibg-net.cz\/callpro\/?page_id=486"},"modified":"2020-11-26T16:48:01","modified_gmt":"2020-11-26T16:48:01","slug":"servis-a-podpora-sluzby-callpro-pevna-linka","status":"publish","type":"page","link":"https:\/\/www.callpro.cz\/?page_id=486","title":{"rendered":"Servis a podpora slu\u017eby CallPro Pevn\u00e1 linka"},"content":{"rendered":"\n<p><strong>Obecn\u00e9 nastaven\u00ed telefon\u016f:<\/strong><\/p>\n\n\n\n<p>SIP server: sip.callpro.cz<\/p>\n\n\n\n<p>user ID: Va\u0161e telefonn\u00ed \u010d\u00edslo (ve tvaru XXXXXXXXX)<\/p>\n\n\n\n<p>heslo: Va\u0161e heslo uveden\u00e9 ve smlouv\u011b<\/p>\n\n\n\n<p>Komunika\u010dn\u00ed port: 5060<\/p>\n\n\n\n<p>Datov\u00fd port: 5004<\/p>\n\n\n\n<p>Dal\u0161\u00ed nastaven\u00ed:<\/p>\n\n\n\n<p>v p\u0159\u00edpad\u011b probl\u00e9m\u016f se spojen\u00edm doporu\u010dujeme nastavit:<\/p>\n\n\n\n<p>outbound proxy: sip.callpro.cz, port 5060<\/p>\n\n\n\n<p>Keep alive: yes<\/p>\n\n\n\n<p>Podporovan\u00e9 kodeky (dle priority): G 729, ILBC, G 711.a (faxov\u00e1n\u00ed) nebo G.722<\/p>\n\n\n\n<p>adresa spr\u00e1vy Va\u0161eho \u00fa\u010dtu&nbsp;<a href=\"https:\/\/zakaznik.ibg-net.cz\/\" target=\"_blank\" rel=\"noreferrer noopener\">https:\/\/zakaznik.ibg-net.cz\/<\/a><\/p>\n\n\n\n<p><strong>Dobit\u00ed kreditu:<\/strong><\/p>\n\n\n\n<p>Kredit dob\u00edjejte na \u010d\u00edslo \u00fa\u010dtu:&nbsp;<strong>222852292<\/strong><strong>\/0600<\/strong>, jako variabiln\u00ed symbol uve\u010fte&nbsp;<strong>telefonn\u00ed \u010d\u00edslo<\/strong>, kter\u00e9 po\u017eadujete dob\u00edt. Po p\u0159ips\u00e1n\u00ed \u010d\u00e1stky na n\u00e1\u0161 \u00fa\u010det dojde k automatick\u00e9mu dobit\u00ed kreditu. Po p\u0159ips\u00e1n\u00ed kreditu za\u0161leme e-mailem da\u0148ov\u00fd doklad v PDF. V p\u0159\u00edpad\u011b probl\u00e9m\u016f, nebo dotaz\u016f n\u00e1s kontaktujte ta e-mailu:&nbsp;<a href=\"mailto:podpora@callpro.cz\">podpora@callpro.cz<\/a>, nebo na tel: 474 770 600.<\/p>\n\n\n\n<p>Ve\u0159ejn\u00e9 obchodn\u00ed podm\u00ednky spole\u010dnosti IBG-NET s.r.o.&nbsp;ke sta\u017een\u00ed&nbsp;<a href=\"http:\/\/ibg-net.cz\/images\/vop.pdf\" target=\"_blank\" rel=\"noreferrer noopener\">ZDE<\/a>.<\/p>\n\n\n\n<p><strong>Manu\u00e1ly k za\u0159\u00edzen\u00edm:<\/strong><\/p>\n\n\n\n<p>(manu\u00e1l otev\u0159ete kliknut\u00edm na p\u0159\u00edslu\u0161n\u00fd obr\u00e1zek)<\/p>\n\n\n\n<div class=\"wp-block-columns is-layout-flex wp-container-core-columns-is-layout-1 wp-block-columns-is-layout-flex\">\n<div class=\"wp-block-column is-layout-flow wp-block-column-is-layout-flow\">\n<div class=\"wp-block-image is-style-default\"><figure class=\"aligncenter size-large is-resized\"><a href=\"https:\/\/www.callpro.cz\/wp-content\/uploads\/2020\/11\/gxp280.pdf\"><img loading=\"lazy\" decoding=\"async\" src=\"https:\/\/www.callpro.cz\/wp-content\/uploads\/2020\/11\/gxp280.jpg\" alt=\"Grandstream GXP280 IP\" class=\"wp-image-490\" width=\"289\" height=\"225\"\/><\/a><figcaption>Grandstream GXP280 IP<\/figcaption><\/figure><\/div>\n<\/div>\n\n\n\n<div class=\"wp-block-column is-layout-flow wp-block-column-is-layout-flow\">\n<div class=\"wp-block-image is-style-default\"><figure class=\"aligncenter size-large is-resized\"><a href=\"https:\/\/www.callpro.cz\/wp-content\/uploads\/2020\/11\/gxp2100.pdf\"><img loading=\"lazy\" decoding=\"async\" src=\"https:\/\/www.callpro.cz\/wp-content\/uploads\/2020\/11\/gxp2100-1024x964.jpg\" alt=\"Grandstream GXP2100\" class=\"wp-image-491\" width=\"263\" height=\"196\"\/><\/a><figcaption>Grandstream GXP2100<\/figcaption><\/figure><\/div>\n<\/div>\n\n\n\n<div class=\"wp-block-column is-layout-flow wp-block-column-is-layout-flow\">\n<figure class=\"wp-block-image size-large is-resized is-style-default\"><a href=\"https:\/\/www.callpro.cz\/wp-content\/uploads\/2020\/11\/st100.pdf\"><img loading=\"lazy\" decoding=\"async\" src=\"https:\/\/www.callpro.cz\/wp-content\/uploads\/2020\/11\/st100-768x1024.jpg\" alt=\"Well ST100\" class=\"wp-image-492\" width=\"188\" height=\"205\"\/><\/a><figcaption>Well ST100<\/figcaption><\/figure>\n<\/div>\n<\/div>\n\n\n\n<div class=\"wp-block-columns is-layout-flex wp-container-core-columns-is-layout-2 wp-block-columns-is-layout-flex\">\n<div class=\"wp-block-column is-layout-flow wp-block-column-is-layout-flow\">\n<div class=\"wp-block-image is-style-default\"><figure class=\"aligncenter size-medium is-resized\"><a href=\"https:\/\/www.callpro.cz\/wp-content\/uploads\/2020\/11\/a510.pdf\"><img loading=\"lazy\" decoding=\"async\" src=\"https:\/\/www.callpro.cz\/wp-content\/uploads\/2020\/11\/gigaseta510-300x300.jpg\" alt=\"Siemens Gigaset 510\" class=\"wp-image-495\" width=\"226\" height=\"226\" srcset=\"https:\/\/www.callpro.cz\/wp-content\/uploads\/2020\/11\/gigaseta510-300x300.jpg 300w, https:\/\/www.callpro.cz\/wp-content\/uploads\/2020\/11\/gigaseta510-1024x1024.jpg 1024w, https:\/\/www.callpro.cz\/wp-content\/uploads\/2020\/11\/gigaseta510-150x150.jpg 150w, https:\/\/www.callpro.cz\/wp-content\/uploads\/2020\/11\/gigaseta510-768x768.jpg 768w, https:\/\/www.callpro.cz\/wp-content\/uploads\/2020\/11\/gigaseta510-270x270.jpg 270w, https:\/\/www.callpro.cz\/wp-content\/uploads\/2020\/11\/gigaseta510-230x230.jpg 230w, https:\/\/www.callpro.cz\/wp-content\/uploads\/2020\/11\/gigaseta510.jpg 1200w\" sizes=\"auto, (max-width: 226px) 100vw, 226px\" \/><\/a><figcaption>Siemens Gigaset 510 IP<\/figcaption><\/figure><\/div>\n<\/div>\n\n\n\n<div class=\"wp-block-column is-layout-flow wp-block-column-is-layout-flow\">\n<div class=\"wp-block-image is-style-default\"><figure class=\"aligncenter size-medium is-resized\"><a href=\"https:\/\/www.callpro.cz\/wp-content\/uploads\/2020\/11\/A580.pdf\"><img loading=\"lazy\" decoding=\"async\" src=\"https:\/\/www.callpro.cz\/wp-content\/uploads\/2020\/11\/Gigaset580-300x246.jpg\" alt=\"Siemens Gigaset A580 IP\" class=\"wp-image-498\" width=\"273\" height=\"224\" srcset=\"https:\/\/www.callpro.cz\/wp-content\/uploads\/2020\/11\/Gigaset580-300x246.jpg 300w, https:\/\/www.callpro.cz\/wp-content\/uploads\/2020\/11\/Gigaset580.jpg 425w\" sizes=\"auto, (max-width: 273px) 100vw, 273px\" \/><\/a><figcaption>Siemens Gigaset A580 IP<\/figcaption><\/figure><\/div>\n<\/div>\n\n\n\n<div class=\"wp-block-column is-layout-flow wp-block-column-is-layout-flow\">\n<div class=\"wp-block-image is-style-default\"><figure class=\"aligncenter size-medium is-resized\"><a href=\"https:\/\/www.callpro.cz\/wp-content\/uploads\/2020\/11\/c590ip.pdf\"><img loading=\"lazy\" decoding=\"async\" src=\"https:\/\/www.callpro.cz\/wp-content\/uploads\/2020\/11\/gigasetc610-300x300.jpg\" alt=\"Siemens Gigaset C590 IP\" class=\"wp-image-499\" width=\"216\" height=\"216\" srcset=\"https:\/\/www.callpro.cz\/wp-content\/uploads\/2020\/11\/gigasetc610-300x300.jpg 300w, https:\/\/www.callpro.cz\/wp-content\/uploads\/2020\/11\/gigasetc610-1024x1024.jpg 1024w, https:\/\/www.callpro.cz\/wp-content\/uploads\/2020\/11\/gigasetc610-150x150.jpg 150w, https:\/\/www.callpro.cz\/wp-content\/uploads\/2020\/11\/gigasetc610-768x768.jpg 768w, https:\/\/www.callpro.cz\/wp-content\/uploads\/2020\/11\/gigasetc610-270x270.jpg 270w, https:\/\/www.callpro.cz\/wp-content\/uploads\/2020\/11\/gigasetc610-230x230.jpg 230w, https:\/\/www.callpro.cz\/wp-content\/uploads\/2020\/11\/gigasetc610.jpg 1040w\" sizes=\"auto, (max-width: 216px) 100vw, 216px\" \/><\/a><figcaption>Siemens Gigaset C590 IP<\/figcaption><\/figure><\/div>\n<\/div>\n<\/div>\n\n\n\n<div class=\"wp-block-columns is-layout-flex wp-container-core-columns-is-layout-3 wp-block-columns-is-layout-flex\">\n<div class=\"wp-block-column is-layout-flow wp-block-column-is-layout-flow\">\n<div class=\"wp-block-image is-style-default\"><figure class=\"aligncenter size-large is-resized\"><a href=\"https:\/\/www.callpro.cz\/wp-content\/uploads\/2020\/11\/linksys.pdf\"><img loading=\"lazy\" decoding=\"async\" src=\"https:\/\/www.callpro.cz\/wp-content\/uploads\/2020\/11\/linksysbrana.gif\" alt=\"LINKSYS PAP2T\" class=\"wp-image-500\" width=\"271\" height=\"220\"\/><\/a><figcaption>LINKSYS PAP2T<\/figcaption><\/figure><\/div>\n<\/div>\n\n\n\n<div class=\"wp-block-column is-layout-flow wp-block-column-is-layout-flow\"><\/div>\n\n\n\n<div class=\"wp-block-column is-layout-flow wp-block-column-is-layout-flow\"><\/div>\n<\/div>\n\n\n\n<p><strong>\u010ct\u011bte tak\u00e9<a href=\"https:\/\/www.callpro.cz\/?page_id=404\" data-type=\"page\" data-id=\"404\">&nbsp;FAQ &#8211; \u010casto kladen\u00e9 ot\u00e1zky<\/a><\/strong><\/p>\n","protected":false},"excerpt":{"rendered":"<p>Obecn\u00e9 nastaven\u00ed telefon\u016f: SIP server: sip.callpro.cz user ID: Va\u0161e telefonn\u00ed \u010d\u00edslo (ve tvaru XXXXXXXXX) heslo: Va\u0161e heslo uveden\u00e9 ve smlouv\u011b Komunika\u010dn\u00ed port: 5060 Datov\u00fd port: 5004 Dal\u0161\u00ed nastaven\u00ed: v p\u0159\u00edpad\u011b probl\u00e9m\u016f se spojen\u00edm doporu\u010dujeme nastavit: outbound proxy: sip.callpro.cz, port 5060 Keep alive: yes Podporovan\u00e9 kodeky (dle priority): G 729, ILBC, G 711.a (faxov\u00e1n\u00ed) nebo G.722 &#8230; <a title=\"Servis a podpora slu\u017eby CallPro Pevn\u00e1 linka\" class=\"read-more\" href=\"https:\/\/www.callpro.cz\/?page_id=486\" aria-label=\"More on Servis a podpora slu\u017eby CallPro Pevn\u00e1 linka\">Read more<\/a><\/p>\n","protected":false},"author":1,"featured_media":0,"parent":0,"menu_order":0,"comment_status":"closed","ping_status":"closed","template":"","meta":{"footnotes":""},"class_list":["post-486","page","type-page","status-publish","hentry"],"yoast_head":"<!-- This site is optimized with the Yoast SEO plugin v16.2 - https:\/\/yoast.com\/wordpress\/plugins\/seo\/ -->\n<title>Servis a podpora slu\u017eby CallPro Pevn\u00e1 linka - CallPro<\/title>\n<meta name=\"description\" content=\"Servis a podpora CallPro VoIP - Pevn\u00e1 linka\" \/>\n<meta name=\"robots\" content=\"index, follow, max-snippet:-1, max-image-preview:large, max-video-preview:-1\" \/>\n<link rel=\"canonical\" href=\"https:\/\/www.callpro.cz\/?page_id=486\" \/>\n<meta property=\"og:locale\" content=\"cs_CZ\" \/>\n<meta property=\"og:type\" content=\"article\" \/>\n<meta property=\"og:title\" content=\"Servis a podpora slu\u017eby CallPro Pevn\u00e1 linka - CallPro\" \/>\n<meta property=\"og:description\" content=\"Servis a podpora CallPro VoIP - Pevn\u00e1 linka\" \/>\n<meta property=\"og:url\" content=\"https:\/\/www.callpro.cz\/?page_id=486\" \/>\n<meta property=\"og:site_name\" content=\"CallPro\" \/>\n<meta property=\"article:modified_time\" content=\"2020-11-26T16:48:01+00:00\" \/>\n<meta property=\"og:image\" content=\"https:\/\/www.callpro.cz\/wp-content\/uploads\/2020\/11\/gxp280.jpg\" \/>\n<meta name=\"twitter:card\" content=\"summary_large_image\" \/>\n<meta name=\"twitter:label1\" content=\"Odhadovan\u00e1 doba \u010dten\u00ed\">\n\t<meta name=\"twitter:data1\" content=\"1 minuta\">\n<script type=\"application\/ld+json\" class=\"yoast-schema-graph\">{\"@context\":\"https:\/\/schema.org\",\"@graph\":[{\"@type\":\"WebSite\",\"@id\":\"https:\/\/www.callpro.cz\/#website\",\"url\":\"https:\/\/www.callpro.cz\/\",\"name\":\"CallPro\",\"description\":\"CallPro virtu\\u00e1ln\\u00ed mobiln\\u00ed oper\\u00e1tor\",\"potentialAction\":[{\"@type\":\"SearchAction\",\"target\":\"https:\/\/www.callpro.cz\/?s={search_term_string}\",\"query-input\":\"required name=search_term_string\"}],\"inLanguage\":\"cs\"},{\"@type\":\"ImageObject\",\"@id\":\"https:\/\/www.callpro.cz\/?page_id=486#primaryimage\",\"inLanguage\":\"cs\",\"url\":\"https:\/\/www.callpro.cz\/wp-content\/uploads\/2020\/11\/gxp280.jpg\",\"contentUrl\":\"https:\/\/www.callpro.cz\/wp-content\/uploads\/2020\/11\/gxp280.jpg\",\"width\":580,\"height\":520},{\"@type\":\"WebPage\",\"@id\":\"https:\/\/www.callpro.cz\/?page_id=486#webpage\",\"url\":\"https:\/\/www.callpro.cz\/?page_id=486\",\"name\":\"Servis a podpora slu\\u017eby CallPro Pevn\\u00e1 linka - CallPro\",\"isPartOf\":{\"@id\":\"https:\/\/www.callpro.cz\/#website\"},\"primaryImageOfPage\":{\"@id\":\"https:\/\/www.callpro.cz\/?page_id=486#primaryimage\"},\"datePublished\":\"2020-11-11T18:00:43+00:00\",\"dateModified\":\"2020-11-26T16:48:01+00:00\",\"description\":\"Servis a podpora CallPro VoIP - Pevn\\u00e1 linka\",\"breadcrumb\":{\"@id\":\"https:\/\/www.callpro.cz\/?page_id=486#breadcrumb\"},\"inLanguage\":\"cs\",\"potentialAction\":[{\"@type\":\"ReadAction\",\"target\":[\"https:\/\/www.callpro.cz\/?page_id=486\"]}]},{\"@type\":\"BreadcrumbList\",\"@id\":\"https:\/\/www.callpro.cz\/?page_id=486#breadcrumb\",\"itemListElement\":[{\"@type\":\"ListItem\",\"position\":1,\"item\":{\"@type\":\"WebPage\",\"@id\":\"https:\/\/www.callpro.cz\/\",\"url\":\"https:\/\/www.callpro.cz\/\",\"name\":\"Dom\\u016f\"}},{\"@type\":\"ListItem\",\"position\":2,\"item\":{\"@id\":\"https:\/\/www.callpro.cz\/?page_id=486#webpage\"}}]}]}<\/script>\n<!-- \/ Yoast SEO plugin. -->","_links":{"self":[{"href":"https:\/\/www.callpro.cz\/index.php?rest_route=\/wp\/v2\/pages\/486","targetHints":{"allow":["GET"]}}],"collection":[{"href":"https:\/\/www.callpro.cz\/index.php?rest_route=\/wp\/v2\/pages"}],"about":[{"href":"https:\/\/www.callpro.cz\/index.php?rest_route=\/wp\/v2\/types\/page"}],"author":[{"embeddable":true,"href":"https:\/\/www.callpro.cz\/index.php?rest_route=\/wp\/v2\/users\/1"}],"replies":[{"embeddable":true,"href":"https:\/\/www.callpro.cz\/index.php?rest_route=%2Fwp%2Fv2%2Fcomments&post=486"}],"version-history":[{"count":17,"href":"https:\/\/www.callpro.cz\/index.php?rest_route=\/wp\/v2\/pages\/486\/revisions"}],"predecessor-version":[{"id":660,"href":"https:\/\/www.callpro.cz\/index.php?rest_route=\/wp\/v2\/pages\/486\/revisions\/660"}],"wp:attachment":[{"href":"https:\/\/www.callpro.cz\/index.php?rest_route=%2Fwp%2Fv2%2Fmedia&parent=486"}],"curies":[{"name":"wp","href":"https:\/\/api.w.org\/{rel}","templated":true}]}}