{"id":343,"date":"2020-11-08T18:05:35","date_gmt":"2020-11-08T18:05:35","guid":{"rendered":"http:\/\/hulwat.ibg-net.cz\/callpro\/?page_id=343"},"modified":"2024-02-28T17:47:42","modified_gmt":"2024-02-28T17:47:42","slug":"nabidka-voip-zarizeni","status":"publish","type":"page","link":"https:\/\/www.callpro.cz\/?page_id=343","title":{"rendered":"Nab\u00eddka VoIP za\u0159\u00edzen\u00ed"},"content":{"rendered":"\n<div class=\"wp-block-media-text alignwide is-stacked-on-mobile is-vertically-aligned-bottom\" style=\"grid-template-columns:15% auto\"><figure class=\"wp-block-media-text__media\"><img loading=\"lazy\" decoding=\"async\" width=\"327\" height=\"325\" src=\"https:\/\/www.callpro.cz\/wp-content\/uploads\/2020\/11\/GXP1610-e1604864075660.jpg\" alt=\"\" class=\"wp-image-344 size-full\"\/><\/figure><div class=\"wp-block-media-text__content\">\n<p><strong>Grandstream GPX 1610<\/strong><br>Cenov\u011b dostupn\u00fd, ale kvalitn\u00ed IP telefon, 2x 10\/100 ethernet, 1 VoIP linka, podsv\u00edcen\u00fd displej 132&#215;48 bod\u016f,&nbsp;nastaviteln\u00e9 melodie vyzv\u00e1n\u011bn\u00ed,&nbsp;HD \u0161irokop\u00e1smov\u00e9 audio, kvalitn\u00ed integrovan\u00fd reproduktor pro hands-free s potla\u010den\u00edm ozv\u011bny, redial,&nbsp;2x SIP \u00fa\u010det, 2x signaliza\u010dn\u00ed LED &#8211; pro ka\u017ed\u00fd \u00fa\u010det jin\u00e1 barva,&nbsp;3x XML programovateln\u00e9 tla\u010d\u00edtka,v\u00fdpis posledn\u00edch hovor\u016f, ovl\u00e1d\u00e1n\u00ed hlasitosti.&nbsp;<\/p>\n\n\n\n<p>Cena: 883,- bez DPH (<strong>1068,-&nbsp;<\/strong>s DPH) <strong>cena se zv\u00fdhodn\u011bn\u00fdm dobit\u00edm kreditu 1000 K\u010d je 1818,- K\u010d<\/strong><\/p>\n<\/div><\/div>\n\n\n\n<div style=\"height:30px\" aria-hidden=\"true\" class=\"wp-block-spacer\"><\/div>\n\n\n\n<div class=\"wp-block-group\"><div class=\"wp-block-group__inner-container is-layout-flow wp-block-group-is-layout-flow\">\n<div class=\"wp-block-media-text alignwide is-stacked-on-mobile is-vertically-aligned-top\" style=\"grid-template-columns:15% auto\"><figure class=\"wp-block-media-text__media\"><img loading=\"lazy\" decoding=\"async\" width=\"660\" height=\"558\" src=\"https:\/\/www.callpro.cz\/wp-content\/uploads\/2020\/11\/GPX2130.jpg\" alt=\"\" class=\"wp-image-347 size-full\" srcset=\"https:\/\/www.callpro.cz\/wp-content\/uploads\/2020\/11\/GPX2130.jpg 660w, https:\/\/www.callpro.cz\/wp-content\/uploads\/2020\/11\/GPX2130-300x254.jpg 300w\" sizes=\"auto, (max-width: 660px) 100vw, 660px\" \/><\/figure><div class=\"wp-block-media-text__content\">\n<p><strong>Grandstream GPX 2130<\/strong> (v2)<br>Druh\u00e1 revize obl\u00edben\u00e9ho IP telefonu pro firemn\u00ed z\u00e1kazn\u00edky podporuje a\u017e 3 SIP \u010dty, 4-way konference, disponuje&nbsp;4 XML programovateln\u00fdmi tla\u010d\u00edtky, k&nbsp;s\u00edti se p\u0159ipojuje prost\u0159ednictv\u00edm gigabitov\u00e9ho ethernetu s t\u00edm \u017ee je mo\u017en\u00e9 p\u0159ipojit je\u0161t\u011b nap\u0159. PC do druh\u00e9ho portu, kter\u00fd je ve switchi. Za\u0159\u00edzen\u00ed disponuje&nbsp;2,8&#8243; barevn\u00fd LCD displej, vysokokvalitn\u00ed HD audio,podpora Bluetooth, aplikace&nbsp;p\u0159edpov\u011bdi po\u010das\u00ed a aktu\u00e1ln\u00ed kurzy m\u011bn,&nbsp;pokro\u010dil\u00e9 zabezpe\u010den\u00ed TLS\/SRTP\/HTTPS.&nbsp;<\/p>\n\n\n\n<p>Cena: 1940,- bez DPH (<strong>2347,- s DPH<\/strong>) <strong>cena se zv\u00fdhodn\u011bn\u00fdm dobit\u00edm kreditu 1000 K\u010d je 2492,- K\u010d<\/strong>&nbsp;<\/p>\n<\/div><\/div>\n\n\n\n<div style=\"height:30px\" aria-hidden=\"true\" class=\"wp-block-spacer\"><\/div>\n<\/div><\/div>\n\n\n\n<div class=\"wp-block-media-text alignwide is-stacked-on-mobile is-vertically-aligned-top\" style=\"grid-template-columns:16% auto\"><figure class=\"wp-block-media-text__media\"><img loading=\"lazy\" decoding=\"async\" width=\"615\" height=\"621\" src=\"https:\/\/www.callpro.cz\/wp-content\/uploads\/2020\/11\/A540.jpg\" alt=\"\" class=\"wp-image-363 size-full\" srcset=\"https:\/\/www.callpro.cz\/wp-content\/uploads\/2020\/11\/A540.jpg 615w, https:\/\/www.callpro.cz\/wp-content\/uploads\/2020\/11\/A540-297x300.jpg 297w, https:\/\/www.callpro.cz\/wp-content\/uploads\/2020\/11\/A540-150x150.jpg 150w\" sizes=\"auto, (max-width: 615px) 100vw, 615px\" \/><\/figure><div class=\"wp-block-media-text__content\">\n<p><strong>SIEMENS Gigaset A540<\/strong><br> IPBezdr\u00e1tov\u00fd IP telefon, kter\u00fd zvl\u00e1dne 2 VoIP hovory sou\u010dasn\u011b, integrovan\u00e1 ochrana proti vir\u016fm pomoc\u00ed bezpe\u010dnostn\u00edho opera\u010dn\u00edho syst\u00e9mu, podsv\u00edcen\u00fd grafick\u00fd \u010db. displej, podsv\u00edcen\u00ed displeje: 4 barvy, zobrazen\u00ed datumu a \u010dasu, tel. seznam a\u017e pro 150 jmen a \u010d\u00edsel, seznam posledn\u00edch 25 zme\u0161kan\u00fdch hovor\u016f.op\u011btovn\u00e9 vyt\u00e1\u010den\u00ed posledn\u00edch 10 \u010d\u00edsel, 16 polyfon. a 4 stand. melodie, individu\u00e1ln\u00ed vyzv\u00e1n\u011bc\u00ed melodie pro intern\u00ed vol\u00e1n\u00ed, \u010dasov\u011b ovl\u00e1dan\u00e1 hlasitost vyzv\u00e1n\u011bn\u00ed (p\u0159ep\u00edn\u00e1n\u00ed den\/noc), zti\u0161en\u00ed anonymn\u00edch hovor\u016f, handsfree, bud\u00edk, p\u0159ipojen\u00ed a\u017e 6 sluch\u00e1tek.<br>Cena dal\u0161\u00edho sluch\u00e1tka 900,- bez DPH (1089,- s DPH)<\/p>\n\n\n\n<p>Cena: 1314,- bez DPH (<strong>1590,- s DPH<\/strong>)<strong>cena se zv\u00fdhodn\u011bn\u00fdm dobit\u00edm kreditu 1000 K\u010d je 2340,- K\u010d<\/strong>&nbsp;<\/p>\n\n\n\n<p><\/p>\n<\/div><\/div>\n\n\n\n<div style=\"height:30px\" aria-hidden=\"true\" class=\"wp-block-spacer\"><\/div>\n\n\n\n<div class=\"wp-block-media-text alignwide is-stacked-on-mobile is-vertically-aligned-top\" style=\"grid-template-columns:16% auto\"><figure class=\"wp-block-media-text__media\"><img loading=\"lazy\" decoding=\"async\" width=\"700\" height=\"550\" src=\"https:\/\/www.callpro.cz\/wp-content\/uploads\/2020\/11\/c530.jpg\" alt=\"\" class=\"wp-image-365 size-full\" srcset=\"https:\/\/www.callpro.cz\/wp-content\/uploads\/2020\/11\/c530.jpg 700w, https:\/\/www.callpro.cz\/wp-content\/uploads\/2020\/11\/c530-300x236.jpg 300w\" sizes=\"auto, (max-width: 700px) 100vw, 700px\" \/><\/figure><div class=\"wp-block-media-text__content\">\n<p><strong>SIEMENS Gigaset C530<\/strong><br><strong> <\/strong>IPKomfortn\u00ed bezdr\u00e1tov\u00fd IP telefon, n\u00e1stupce C610 IP, barevn\u00fd display. spo\u0159i\u010d displeje Zobrazen\u00ed digit\u00e1ln\u00edch hodin nebo barevn\u00e9ho obr\u00e1zku jako spo\u0159ice (4 voliteln\u00e9 a nastaviteln\u00e9 u\u017eivatelem), funkce HandsFree, 3 VoIP hovory sou\u010dasn\u011b, telefon\u00ed seznam, registr hovor\u016f, polyfonn\u00ed vyzv\u00e1n\u011bn\u00ed, bud\u00edk, funkce d\u011btsk\u00e9 ch\u016fvi\u010dky, mo\u017enost p\u0159ipojen\u00ed a\u017e 6 dal\u0161\u00edch sluch\u00e1tek.<br>Cena dal\u0161\u00edho sluch\u00e1tka 1200,- bez DPH (1452,- s DPH)&nbsp;<\/p>\n\n\n\n<p>Cena: 1810,- bez DPH (<strong>2190,- s DPH<\/strong>) <strong>cena se zv\u00fdhodn\u011bn\u00fdm dobit\u00edm kreditu 1000 K\u010d je 2944,- K\u010d<\/strong>&nbsp;<\/p>\n\n\n\n<p><\/p>\n<\/div><\/div>\n\n\n\n<div style=\"height:30px\" aria-hidden=\"true\" class=\"wp-block-spacer\"><\/div>\n\n\n\n<div class=\"wp-block-media-text alignwide is-stacked-on-mobile is-vertically-aligned-top\" style=\"grid-template-columns:16% auto\"><figure class=\"wp-block-media-text__media\"><img loading=\"lazy\" decoding=\"async\" width=\"1024\" height=\"683\" src=\"https:\/\/www.callpro.cz\/wp-content\/uploads\/2020\/11\/ht802-1024x683.png\" alt=\"\" class=\"wp-image-367 size-full\" srcset=\"https:\/\/www.callpro.cz\/wp-content\/uploads\/2020\/11\/ht802-1024x683.png 1024w, https:\/\/www.callpro.cz\/wp-content\/uploads\/2020\/11\/ht802-300x200.png 300w, https:\/\/www.callpro.cz\/wp-content\/uploads\/2020\/11\/ht802-768x512.png 768w, https:\/\/www.callpro.cz\/wp-content\/uploads\/2020\/11\/ht802-1536x1024.png 1536w, https:\/\/www.callpro.cz\/wp-content\/uploads\/2020\/11\/ht802-2048x1365.png 2048w\" sizes=\"auto, (max-width: 1024px) 100vw, 1024px\" \/><\/figure><div class=\"wp-block-media-text__content\">\n<p><strong>Grandstream HT 802 &#8211; VoIP br\u00e1na<\/strong><br>Telefonn\u00ed internetov\u00fd voip adapt\u00e9r od firmy Grandstream umo\u017e\u0148uje vysoce kvalitn\u00ed VoIP slu\u017eby p\u0159es va\u0161e internetov\u00e9 p\u0159ipojen\u00ed. Toto za\u0159\u00edzen\u00ed disponuje dv\u011bma FXS porty a jedn\u00edm Ethernet portem. Ka\u017ed\u00fd telefonn\u00ed port pracuje nez\u00e1visle na sob\u011b, s odd\u011blen\u00fdmi tel. slu\u017ebami a \u010d\u00edsly, jako kdyby jste m\u011bli dv\u011b telefonn\u00ed linky.<br><\/p>\n\n\n\n<p>Cena: 874,- bez DPH (<strong>1058,-<\/strong>&nbsp;s DPH) <strong>cena se zv\u00fdhodn\u011bn\u00fdm dobit\u00edm kreditu 1000 K\u010d je 1808,- K\u010d<\/strong>&nbsp;<\/p>\n<\/div><\/div>\n\n\n\n<div style=\"height:30px\" aria-hidden=\"true\" class=\"wp-block-spacer\"><\/div>\n","protected":false},"excerpt":{"rendered":"<p>Grandstream GPX 1610Cenov\u011b dostupn\u00fd, ale kvalitn\u00ed IP telefon, 2x 10\/100 ethernet, 1 VoIP linka, podsv\u00edcen\u00fd displej 132&#215;48 bod\u016f,&nbsp;nastaviteln\u00e9 melodie vyzv\u00e1n\u011bn\u00ed,&nbsp;HD \u0161irokop\u00e1smov\u00e9 audio, kvalitn\u00ed integrovan\u00fd reproduktor pro hands-free s potla\u010den\u00edm ozv\u011bny, redial,&nbsp;2x SIP \u00fa\u010det, 2x signaliza\u010dn\u00ed LED &#8211; pro ka\u017ed\u00fd \u00fa\u010det jin\u00e1 barva,&nbsp;3x XML programovateln\u00e9 tla\u010d\u00edtka,v\u00fdpis posledn\u00edch hovor\u016f, ovl\u00e1d\u00e1n\u00ed hlasitosti.&nbsp; Cena: 883,- bez DPH (1068,-&nbsp;s DPH) &#8230; <a title=\"Nab\u00eddka VoIP za\u0159\u00edzen\u00ed\" class=\"read-more\" href=\"https:\/\/www.callpro.cz\/?page_id=343\" aria-label=\"More on Nab\u00eddka VoIP za\u0159\u00edzen\u00ed\">Read more<\/a><\/p>\n","protected":false},"author":1,"featured_media":0,"parent":0,"menu_order":0,"comment_status":"closed","ping_status":"closed","template":"","meta":{"footnotes":""},"class_list":["post-343","page","type-page","status-publish","hentry"],"yoast_head":"<!-- This site is optimized with the Yoast SEO plugin v16.2 - https:\/\/yoast.com\/wordpress\/plugins\/seo\/ -->\n<title>Nab\u00eddka VoIP za\u0159\u00edzen\u00ed - CallPro<\/title>\n<meta name=\"description\" content=\"Callpro VoIP - nab\u00eddka za\u0159\u00edzen\u00ed\" \/>\n<meta name=\"robots\" content=\"index, follow, max-snippet:-1, max-image-preview:large, max-video-preview:-1\" \/>\n<link rel=\"canonical\" href=\"https:\/\/www.callpro.cz\/?page_id=343\" \/>\n<meta property=\"og:locale\" content=\"cs_CZ\" \/>\n<meta property=\"og:type\" content=\"article\" \/>\n<meta property=\"og:title\" content=\"Nab\u00eddka VoIP za\u0159\u00edzen\u00ed - CallPro\" \/>\n<meta property=\"og:description\" content=\"Callpro VoIP - nab\u00eddka za\u0159\u00edzen\u00ed\" \/>\n<meta property=\"og:url\" content=\"https:\/\/www.callpro.cz\/?page_id=343\" \/>\n<meta property=\"og:site_name\" content=\"CallPro\" \/>\n<meta property=\"article:modified_time\" content=\"2024-02-28T17:47:42+00:00\" \/>\n<meta property=\"og:image\" content=\"https:\/\/www.callpro.cz\/wp-content\/uploads\/2020\/11\/GXP1610-e1604864075660.jpg\" \/>\n<meta name=\"twitter:card\" content=\"summary_large_image\" \/>\n<meta name=\"twitter:label1\" content=\"Odhadovan\u00e1 doba \u010dten\u00ed\">\n\t<meta name=\"twitter:data1\" content=\"3 minuty\">\n<script type=\"application\/ld+json\" class=\"yoast-schema-graph\">{\"@context\":\"https:\/\/schema.org\",\"@graph\":[{\"@type\":\"WebSite\",\"@id\":\"https:\/\/www.callpro.cz\/#website\",\"url\":\"https:\/\/www.callpro.cz\/\",\"name\":\"CallPro\",\"description\":\"CallPro virtu\\u00e1ln\\u00ed mobiln\\u00ed oper\\u00e1tor\",\"potentialAction\":[{\"@type\":\"SearchAction\",\"target\":\"https:\/\/www.callpro.cz\/?s={search_term_string}\",\"query-input\":\"required name=search_term_string\"}],\"inLanguage\":\"cs\"},{\"@type\":\"ImageObject\",\"@id\":\"https:\/\/www.callpro.cz\/?page_id=343#primaryimage\",\"inLanguage\":\"cs\",\"url\":\"https:\/\/www.callpro.cz\/wp-content\/uploads\/2020\/11\/GXP1610-e1604864075660.jpg\",\"contentUrl\":\"https:\/\/www.callpro.cz\/wp-content\/uploads\/2020\/11\/GXP1610-e1604864075660.jpg\",\"width\":327,\"height\":325},{\"@type\":\"WebPage\",\"@id\":\"https:\/\/www.callpro.cz\/?page_id=343#webpage\",\"url\":\"https:\/\/www.callpro.cz\/?page_id=343\",\"name\":\"Nab\\u00eddka VoIP za\\u0159\\u00edzen\\u00ed - CallPro\",\"isPartOf\":{\"@id\":\"https:\/\/www.callpro.cz\/#website\"},\"primaryImageOfPage\":{\"@id\":\"https:\/\/www.callpro.cz\/?page_id=343#primaryimage\"},\"datePublished\":\"2020-11-08T18:05:35+00:00\",\"dateModified\":\"2024-02-28T17:47:42+00:00\",\"description\":\"Callpro VoIP - nab\\u00eddka za\\u0159\\u00edzen\\u00ed\",\"breadcrumb\":{\"@id\":\"https:\/\/www.callpro.cz\/?page_id=343#breadcrumb\"},\"inLanguage\":\"cs\",\"potentialAction\":[{\"@type\":\"ReadAction\",\"target\":[\"https:\/\/www.callpro.cz\/?page_id=343\"]}]},{\"@type\":\"BreadcrumbList\",\"@id\":\"https:\/\/www.callpro.cz\/?page_id=343#breadcrumb\",\"itemListElement\":[{\"@type\":\"ListItem\",\"position\":1,\"item\":{\"@type\":\"WebPage\",\"@id\":\"https:\/\/www.callpro.cz\/\",\"url\":\"https:\/\/www.callpro.cz\/\",\"name\":\"Dom\\u016f\"}},{\"@type\":\"ListItem\",\"position\":2,\"item\":{\"@id\":\"https:\/\/www.callpro.cz\/?page_id=343#webpage\"}}]}]}<\/script>\n<!-- \/ Yoast SEO plugin. -->","_links":{"self":[{"href":"https:\/\/www.callpro.cz\/index.php?rest_route=\/wp\/v2\/pages\/343","targetHints":{"allow":["GET"]}}],"collection":[{"href":"https:\/\/www.callpro.cz\/index.php?rest_route=\/wp\/v2\/pages"}],"about":[{"href":"https:\/\/www.callpro.cz\/index.php?rest_route=\/wp\/v2\/types\/page"}],"author":[{"embeddable":true,"href":"https:\/\/www.callpro.cz\/index.php?rest_route=\/wp\/v2\/users\/1"}],"replies":[{"embeddable":true,"href":"https:\/\/www.callpro.cz\/index.php?rest_route=%2Fwp%2Fv2%2Fcomments&post=343"}],"version-history":[{"count":23,"href":"https:\/\/www.callpro.cz\/index.php?rest_route=\/wp\/v2\/pages\/343\/revisions"}],"predecessor-version":[{"id":870,"href":"https:\/\/www.callpro.cz\/index.php?rest_route=\/wp\/v2\/pages\/343\/revisions\/870"}],"wp:attachment":[{"href":"https:\/\/www.callpro.cz\/index.php?rest_route=%2Fwp%2Fv2%2Fmedia&parent=343"}],"curies":[{"name":"wp","href":"https:\/\/api.w.org\/{rel}","templated":true}]}}