{"id":211,"date":"2020-11-05T23:25:07","date_gmt":"2020-11-05T23:25:07","guid":{"rendered":"http:\/\/hulwat.ibg-net.cz\/callpro\/?page_id=211"},"modified":"2021-02-08T12:40:18","modified_gmt":"2021-02-08T12:40:18","slug":"informace-o-sluzbe-callpro-mobil","status":"publish","type":"page","link":"https:\/\/www.callpro.cz\/?page_id=211","title":{"rendered":"Informace o slu\u017eb\u011b CallPro mobil"},"content":{"rendered":"\n<div class=\"wp-block-media-text alignwide has-media-on-the-right is-stacked-on-mobile is-vertically-aligned-top\" style=\"grid-template-columns:auto 28%\"><figure class=\"wp-block-media-text__media\"><a href=\"https:\/\/www.callpro.cz\/wp-content\/uploads\/2020\/11\/mapa2.png\"><img loading=\"lazy\" decoding=\"async\" width=\"926\" height=\"690\" src=\"https:\/\/www.callpro.cz\/wp-content\/uploads\/2020\/11\/mapa2.png\" alt=\"\" class=\"wp-image-212 size-full\" srcset=\"https:\/\/www.callpro.cz\/wp-content\/uploads\/2020\/11\/mapa2.png 926w, https:\/\/www.callpro.cz\/wp-content\/uploads\/2020\/11\/mapa2-300x224.png 300w, https:\/\/www.callpro.cz\/wp-content\/uploads\/2020\/11\/mapa2-768x572.png 768w\" sizes=\"auto, (max-width: 926px) 100vw, 926px\" \/><\/a><\/figure><div class=\"wp-block-media-text__content\">\n<p><strong>Pro\u010d si vybrat CallPro<\/strong><\/p>\n\n\n\n<p>Nab\u00eddka na\u0161ich tarif\u016f je jednoduch\u00e1, pr\u016fhledn\u00e1, p\u0159\u00edmo\u010dar\u00e1 a p\u0159edev\u0161\u00edm&nbsp;<strong>trval\u00e1.<\/strong>&nbsp;N\u00e1\u0161 cen\u00edk nen\u00ed&nbsp;&#8222;ak\u010dn\u00ed&#8220;,&nbsp;nepou\u017e\u00edv\u00e1me mal\u00e1 p\u00edsmena&nbsp;&#8222;Tyto ceny plat\u00ed jen do &#8230;&#8220;&nbsp;:). Neschov\u00e1v\u00e1me p\u011bkn\u00e1 \u010d\u00edsla a lep\u0161\u00ed tarify pro v\u00fdznamn\u00e9 klienty. Pro n\u00e1s je ka\u017ed\u00fd z\u00e1kazn\u00edk VIP.<\/p>\n\n\n\n<p><strong>Pokryt\u00ed a roaming&nbsp;<\/strong><\/p>\n\n\n\n<p>Na\u0161e GSM slu\u017eby vyu\u017e\u00edvaj\u00ed r\u00e1diovou s\u00ed\u0165 T-Mobile. T\u00edm je zaji\u0161t\u011bno v\u00fdborn\u00e9 pokryt\u00ed sign\u00e1lu v r\u00e1mci \u010cR jak pro hlasov\u00e9 slu\u017eby tak pro internet. Samoz\u0159ejmost\u00ed je tak\u00e9 p\u0159\u00edjem hovor\u016f a vol\u00e1n\u00ed v zahrani\u010d\u00ed &#8211; roaming.<\/p>\n<\/div><\/div>\n\n\n\n<div class=\"wp-block-media-text alignwide has-media-on-the-right is-stacked-on-mobile is-vertically-aligned-top\" style=\"grid-template-columns:auto 28%\"><figure class=\"wp-block-media-text__media\"><a href=\"https:\/\/www.callpro.cz\/wp-content\/uploads\/2020\/11\/co-obsahuje.png\"><img loading=\"lazy\" decoding=\"async\" width=\"785\" height=\"686\" src=\"https:\/\/www.callpro.cz\/wp-content\/uploads\/2020\/11\/co-obsahuje.png\" alt=\"\" class=\"wp-image-215 size-full\" srcset=\"https:\/\/www.callpro.cz\/wp-content\/uploads\/2020\/11\/co-obsahuje.png 785w, https:\/\/www.callpro.cz\/wp-content\/uploads\/2020\/11\/co-obsahuje-300x262.png 300w, https:\/\/www.callpro.cz\/wp-content\/uploads\/2020\/11\/co-obsahuje-768x671.png 768w\" sizes=\"auto, (max-width: 785px) 100vw, 785px\" \/><\/a><\/figure><div class=\"wp-block-media-text__content\">\n<p><strong>Jak slu\u017ebu objednat a co budu platit?<\/strong><\/p>\n\n\n\n<p>Objedn\u00e1vku provedete jednodu\u0161e pomoc\u00ed&nbsp;<a href=\"http:\/\/callpro.cz\/index.php\/mobilnivolani\/gsm-objednavka\">formul\u00e1\u0159e<\/a>. Do 48 hodin obdr\u017e\u00edte SIM kartu s p\u0159ednastaven\u00fdmi slu\u017ebami. P\u0159i p\u0159evzet\u00ed zaplat\u00edte pouze nabit\u00fd kredit u p\u0159edplacen\u00fdch slu\u017eeb, p\u0159\u00edpadn\u011b jistinu u tarif\u016f s m\u011bs\u00ed\u010dn\u00edm vy\u00fa\u010dtov\u00e1n\u00edm a 100K\u010d po\u0161tovn\u00e9. \u017d\u00e1dn\u00e9 smlouvy, \u017e\u00e1dn\u00e9 dlouhodob\u00e9 \u00favazky, \u017e\u00e1dn\u00e9 podpisy.<\/p>\n\n\n\n<p><strong>Jak p\u0159evedu \u010d\u00edslo k v\u00e1m?<\/strong><\/p>\n\n\n\n<p>P\u0159evod (tzv. portace) \u010d\u00edsla k n\u00e1m je velice jednoduch\u00fd proces. Sta\u010d\u00ed zavolat na infolinku Va\u0161eho oper\u00e1tora a po\u017e\u00e1dat o p\u0159evod \u010d\u00edsla k jin\u00e9mu oper\u00e1torovi. Obdr\u017e\u00edte tzv.&nbsp;<strong>OKU k\u00f3d&nbsp;<\/strong>(=<strong>Ov\u011b\u0159ovac\u00ed K\u00f3d \u00da\u010dastn\u00edka<\/strong>), kter\u00fd zad\u00e1te p\u0159i objedn\u00e1vce na\u0161ich slu\u017eeb. Nepochybn\u011b V\u00e1m p\u0159edt\u00edm oper\u00e1tor nab\u00eddne p\u0159ehr\u0161el ak\u010dn\u00edch nejlevn\u011bj\u0161\u00edch a nejlep\u0161\u00edch tarif\u016f, ale Vy u\u017e jste pevn\u011b rozhodnut\/a pro p\u0159evod \u010d\u00edsla k n\u00e1m :). Od n\u00e1s pak obdr\u017e\u00edte novou SIM s Va\u0161\u00edm st\u00e1vaj\u00edc\u00edm \u010d\u00edslem a ve stanoven\u00fd den karty vym\u011bn\u00edte. Cel\u00fd proces trv\u00e1 4 dny a\u017e t\u00fdden.<\/p>\n<\/div><\/div>\n\n\n\n<p id=\"block-5b773104-aed0-40fe-9ac8-66627b175a3f\"><strong>Jak dob\u00edt kredit<\/strong><\/p>\n\n\n\n<p id=\"block-8c133d45-b46b-4626-954a-3350b99cd926\">Kredit je mo\u017en\u00e9 dob\u00edt p\u0159evodem \u010d\u00e1stky na n\u00e1\u0161 \u00fa\u010det. Podrobn\u00e9 informace najdete v sekci &#8222;<a href=\"http:\/\/callpro.cz\/index.php\/mobilnivolani\/gsm-podpora\">Podpora<\/a>&#8222;. Platnost kreditu je 12 m\u011bs\u00edc\u016f, tak\u017ee se jedn\u00e1 o \u010dinnost, kterou nemus\u00edte prov\u00e1d\u011bt p\u0159\u00edli\u0161 \u010dasto. Stav kreditu lze zjistit p\u0159\u00edmo z telefonu na infolince 4488 provolbou 2, nebo jej zjist\u00edte ve sv\u00e9m u\u017eivatelsk\u00e9m rozhran\u00ed na internetu v\u010detn\u011b podrobn\u00e9ho v\u00fdpisu.<\/p>\n\n\n\n<p id=\"block-9a04f96f-e7c7-4443-861e-0f7bc564438d\"><strong>Jak postupovat v p\u0159\u00edpad\u011b ztr\u00e1ty telefonu&nbsp;&nbsp;<\/strong><\/p>\n\n\n\n<p id=\"block-f82d67b6-9a91-45a2-bf0c-2d484cb6922e\">Pokud ztrat\u00edte telefon s na\u0161\u00ed SIM kartou, konktaktujte n\u00e1s na infolince 4488 pro zablokov\u00e1n\u00ed slu\u017eeb. Za\u0161leme V\u00e1m neprodlen\u011b novou kartu s Va\u0161\u00edm p\u016fvodn\u00edm \u010d\u00edslem. U p\u0159edplacen\u00e9 karty V\u00e1\u0161 st\u00e1vaj\u00edc\u00ed kredit p\u0159evedeme na novou SIM. Poplatek za zasl\u00e1n\u00ed nov\u00e9 SIM karty je 120 K\u010d.<\/p>\n\n\n\n<p id=\"block-1fe3aac8-7d1e-49e5-81f5-b1176ad53000\"><strong>Jak z\u00edsk\u00e1m v\u00fdpis hovor\u016f?<\/strong><\/p>\n\n\n\n<p id=\"block-9b72f0e0-ace6-4045-b3dd-2469f6aec5c5\">V\u00fdpis hovor\u016f a dal\u0161\u00ed informace o Va\u0161\u00ed aktivn\u00ed slu\u017eb\u011b z\u00edsk\u00e1te online ve Va\u0161em z\u00e1kaznick\u00e9m \u00fa\u010dtu. V\u00fdpis hovor\u016f je k dispozici v re\u00e1ln\u00e9m \u010dase (s prodlevou n\u011bkolika minut), tak\u017ee m\u00e1te plnou kontrolu nad provolan\u00fdmi minutami.<\/p>\n\n\n\n<p id=\"block-72ea6cfd-2333-4dce-a15a-e4b666a35d4d\"><strong>Jak\u00e1 je rychlost internetu? Co se stane po vy\u010derp\u00e1n\u00ed datov\u00e9ho bal\u00ed\u010dku?<\/strong><\/p>\n\n\n\n<p id=\"block-554177e3-4dfc-4ad5-af71-573382da8348\">Rychlost internetov\u00e9ho p\u0159ipojen\u00ed je vzhledem k vyu\u017eit\u00ed s\u00edt\u011b T-Mobile identick\u00e1 jako u tohoto oper\u00e1tora. Z\u00e1vis\u00ed na mnoha faktorech (s\u00edla sign\u00e1lu, aktu\u00e1ln\u00ed zat\u00ed\u017een\u00ed vys\u00edla\u010de apod.). U LTE s\u00edt\u00ed m\u016f\u017ee dosahovat a\u017e 100Mbps. Po vy\u010derp\u00e1n\u00ed datov\u00e9ho bal\u00ed\u010dku se uplatn\u00ed FUP a p\u0159\u00edstup k internetu je zamezen.<\/p>\n\n\n\n<p id=\"block-c7f8b3f6-c1b1-420a-8fa2-ceca2ad9a435\"><strong>Budu platit celou \u010d\u00e1stku za tarif v p\u0159\u00edpad\u011b aktivace v pr\u016fb\u011bhu m\u011bs\u00edce?<\/strong><\/p>\n\n\n\n<p id=\"block-8239fdf9-f093-4ff5-9560-3131b7a4a108\">Pokud je aktivov\u00e1no Va\u0161e \u010d\u00edslo v pr\u016fb\u011bhu z\u00fa\u010dtovac\u00edho obdob\u00ed (kalend\u00e1\u0159n\u00ed m\u011bs\u00edc), bude V\u00e1m vy\u00fa\u010dtov\u00e1na pouze pom\u011brn\u00e1 \u010d\u00e1stka z poplatku za V\u00e1mi zvolen\u00fd tarif (na faktu\u0159e uvedeno jako &#8222;Poplatek za provoz mobiln\u00edho \u010d\u00edsla&#8220;). Z\u00e1rove\u0148 V\u00e1m bude p\u0159id\u011bleno pom\u011brn\u00e9 mno\u017estv\u00ed voln\u00fdch minut a SMS zpr\u00e1v.&nbsp;<\/p>\n\n\n\n<p id=\"block-e04cfa4c-df9b-4348-97d6-9dffe5395493\"><strong>Zm\u011bnil\/a jsem si tarif &#8211; jak je to s voln\u00fdmi minutami?<\/strong><\/p>\n\n\n\n<p id=\"block-bd49b01a-8373-4758-a944-1677c8e4a6f9\">Mno\u017estv\u00ed p\u0159id\u011blen\u00fdch voln\u00fdch minut je z\u00e1visl\u00e9 na tom, jak\u00fd tarif m\u00e1te aktivn\u00ed na za\u010d\u00e1tku nov\u00e9ho z\u00fa\u010dtovac\u00edho obdob\u00ed. Pokud jste m\u011bl\/a tarif CallPro200 a zm\u011bnil\/a jste ho na CallPro 100, p\u0159evede se V\u00e1m pouze 100 voln\u00fdch minut (=mno\u017estv\u00ed minut u tarifu CallPro100). V p\u0159\u00edpad\u011b zm\u011bny na tarif CallPro :- ) se V\u00e1m nep\u0159evedou \u017e\u00e1dn\u00e9 voln\u00e9 minuty.<\/p>\n\n\n\n<p id=\"block-32852d78-bf26-488f-83c8-3a6f274bff99\"><strong>Lze odes\u00edlat SMS platby ?<\/strong><\/p>\n\n\n\n<p id=\"block-04bde75b-3156-4fbd-8aac-101bb595028a\">Slu\u017eba CallPro GSM podporuje v\u0161echny typy SMS plateb (d\u00e1rcovsk\u00e9 SMS, platby j\u00edzdenek i komer\u010dn\u00ed slu\u017eby).<\/p>\n\n\n\n<p id=\"block-6da23458-a4fb-401a-b6be-f0b9658205c7\"><strong>Bude mi s va\u0161\u00ed SIM fungovat banka v mobilu?<\/strong><\/p>\n\n\n\n<p id=\"block-11157a6e-6d00-47d7-ac33-91bb2a1e279a\">S na\u0161\u00ed slu\u017ebou bude bez probl\u00e9m\u016f fungovat bankovnictv\u00ed vyu\u017e\u00edvaj\u00edc\u00ed internetov\u00e9 p\u0159ipojen\u00ed na chytr\u00fdch telefonech s OS Android nebo Apple. SIM karty v\u0161ak nepodporuj\u00ed GSM banking, kter\u00fd je sou\u010d\u00e1st\u00ed SIM toolkit oper\u00e1tor\u016f O2, Vodafone, nebo T-Mobile. Tento zp\u016fsob komunikace s bankou je v\u0161ak zastaral\u00fd a nen\u00ed p\u0159\u00edli\u0161 vyu\u017e\u00edv\u00e1n.&nbsp;<\/p>\n","protected":false},"excerpt":{"rendered":"<p>Pro\u010d si vybrat CallPro Nab\u00eddka na\u0161ich tarif\u016f je jednoduch\u00e1, pr\u016fhledn\u00e1, p\u0159\u00edmo\u010dar\u00e1 a p\u0159edev\u0161\u00edm&nbsp;trval\u00e1.&nbsp;N\u00e1\u0161 cen\u00edk nen\u00ed&nbsp;&#8222;ak\u010dn\u00ed&#8220;,&nbsp;nepou\u017e\u00edv\u00e1me mal\u00e1 p\u00edsmena&nbsp;&#8222;Tyto ceny plat\u00ed jen do &#8230;&#8220;&nbsp;:). Neschov\u00e1v\u00e1me p\u011bkn\u00e1 \u010d\u00edsla a lep\u0161\u00ed tarify pro v\u00fdznamn\u00e9 klienty. Pro n\u00e1s je ka\u017ed\u00fd z\u00e1kazn\u00edk VIP. Pokryt\u00ed a roaming&nbsp; Na\u0161e GSM slu\u017eby vyu\u017e\u00edvaj\u00ed r\u00e1diovou s\u00ed\u0165 T-Mobile. T\u00edm je zaji\u0161t\u011bno v\u00fdborn\u00e9 pokryt\u00ed sign\u00e1lu v r\u00e1mci &#8230; <a title=\"Informace o slu\u017eb\u011b CallPro mobil\" class=\"read-more\" href=\"https:\/\/www.callpro.cz\/?page_id=211\" aria-label=\"More on Informace o slu\u017eb\u011b CallPro mobil\">Read more<\/a><\/p>\n","protected":false},"author":1,"featured_media":0,"parent":0,"menu_order":0,"comment_status":"closed","ping_status":"closed","template":"","meta":{"footnotes":""},"class_list":["post-211","page","type-page","status-publish","hentry"],"yoast_head":"<!-- This site is optimized with the Yoast SEO plugin v16.2 - https:\/\/yoast.com\/wordpress\/plugins\/seo\/ -->\n<title>Informace o slu\u017eb\u011b CallPro mobil - CallPro<\/title>\n<meta name=\"description\" content=\"Callpro mobiln\u00ed vol\u00e1n\u00ed GSM - informace o slu\u017eb\u011b\" \/>\n<meta name=\"robots\" content=\"index, follow, max-snippet:-1, max-image-preview:large, max-video-preview:-1\" \/>\n<link rel=\"canonical\" href=\"https:\/\/www.callpro.cz\/?page_id=211\" \/>\n<meta property=\"og:locale\" content=\"cs_CZ\" \/>\n<meta property=\"og:type\" content=\"article\" \/>\n<meta property=\"og:title\" content=\"Informace o slu\u017eb\u011b CallPro mobil - CallPro\" \/>\n<meta property=\"og:description\" content=\"Callpro mobiln\u00ed vol\u00e1n\u00ed GSM - informace o slu\u017eb\u011b\" \/>\n<meta property=\"og:url\" content=\"https:\/\/www.callpro.cz\/?page_id=211\" \/>\n<meta property=\"og:site_name\" content=\"CallPro\" \/>\n<meta property=\"article:modified_time\" content=\"2021-02-08T12:40:18+00:00\" \/>\n<meta property=\"og:image\" content=\"https:\/\/www.callpro.cz\/wp-content\/uploads\/2020\/11\/mapa2.png\" \/>\n<meta name=\"twitter:card\" content=\"summary_large_image\" \/>\n<meta name=\"twitter:label1\" content=\"Odhadovan\u00e1 doba \u010dten\u00ed\">\n\t<meta name=\"twitter:data1\" content=\"4 minuty\">\n<script type=\"application\/ld+json\" class=\"yoast-schema-graph\">{\"@context\":\"https:\/\/schema.org\",\"@graph\":[{\"@type\":\"WebSite\",\"@id\":\"https:\/\/www.callpro.cz\/#website\",\"url\":\"https:\/\/www.callpro.cz\/\",\"name\":\"CallPro\",\"description\":\"CallPro virtu\\u00e1ln\\u00ed mobiln\\u00ed oper\\u00e1tor\",\"potentialAction\":[{\"@type\":\"SearchAction\",\"target\":\"https:\/\/www.callpro.cz\/?s={search_term_string}\",\"query-input\":\"required name=search_term_string\"}],\"inLanguage\":\"cs\"},{\"@type\":\"ImageObject\",\"@id\":\"https:\/\/www.callpro.cz\/?page_id=211#primaryimage\",\"inLanguage\":\"cs\",\"url\":\"https:\/\/www.callpro.cz\/wp-content\/uploads\/2020\/11\/mapa2.png\",\"contentUrl\":\"https:\/\/www.callpro.cz\/wp-content\/uploads\/2020\/11\/mapa2.png\",\"width\":926,\"height\":690},{\"@type\":\"WebPage\",\"@id\":\"https:\/\/www.callpro.cz\/?page_id=211#webpage\",\"url\":\"https:\/\/www.callpro.cz\/?page_id=211\",\"name\":\"Informace o slu\\u017eb\\u011b CallPro mobil - CallPro\",\"isPartOf\":{\"@id\":\"https:\/\/www.callpro.cz\/#website\"},\"primaryImageOfPage\":{\"@id\":\"https:\/\/www.callpro.cz\/?page_id=211#primaryimage\"},\"datePublished\":\"2020-11-05T23:25:07+00:00\",\"dateModified\":\"2021-02-08T12:40:18+00:00\",\"description\":\"Callpro mobiln\\u00ed vol\\u00e1n\\u00ed GSM - informace o slu\\u017eb\\u011b\",\"breadcrumb\":{\"@id\":\"https:\/\/www.callpro.cz\/?page_id=211#breadcrumb\"},\"inLanguage\":\"cs\",\"potentialAction\":[{\"@type\":\"ReadAction\",\"target\":[\"https:\/\/www.callpro.cz\/?page_id=211\"]}]},{\"@type\":\"BreadcrumbList\",\"@id\":\"https:\/\/www.callpro.cz\/?page_id=211#breadcrumb\",\"itemListElement\":[{\"@type\":\"ListItem\",\"position\":1,\"item\":{\"@type\":\"WebPage\",\"@id\":\"https:\/\/www.callpro.cz\/\",\"url\":\"https:\/\/www.callpro.cz\/\",\"name\":\"Dom\\u016f\"}},{\"@type\":\"ListItem\",\"position\":2,\"item\":{\"@id\":\"https:\/\/www.callpro.cz\/?page_id=211#webpage\"}}]}]}<\/script>\n<!-- \/ Yoast SEO plugin. -->","_links":{"self":[{"href":"https:\/\/www.callpro.cz\/index.php?rest_route=\/wp\/v2\/pages\/211","targetHints":{"allow":["GET"]}}],"collection":[{"href":"https:\/\/www.callpro.cz\/index.php?rest_route=\/wp\/v2\/pages"}],"about":[{"href":"https:\/\/www.callpro.cz\/index.php?rest_route=\/wp\/v2\/types\/page"}],"author":[{"embeddable":true,"href":"https:\/\/www.callpro.cz\/index.php?rest_route=\/wp\/v2\/users\/1"}],"replies":[{"embeddable":true,"href":"https:\/\/www.callpro.cz\/index.php?rest_route=%2Fwp%2Fv2%2Fcomments&post=211"}],"version-history":[{"count":35,"href":"https:\/\/www.callpro.cz\/index.php?rest_route=\/wp\/v2\/pages\/211\/revisions"}],"predecessor-version":[{"id":670,"href":"https:\/\/www.callpro.cz\/index.php?rest_route=\/wp\/v2\/pages\/211\/revisions\/670"}],"wp:attachment":[{"href":"https:\/\/www.callpro.cz\/index.php?rest_route=%2Fwp%2Fv2%2Fmedia&parent=211"}],"curies":[{"name":"wp","href":"https:\/\/api.w.org\/{rel}","templated":true}]}}